3904.
2, 11, 19, 8933
What are the prime factors of 447911173?
317, 1412969
What are the prime factors of 19266125?
5, 79, 1951
What are the prime factors of 1606702538?
2, 7, 17, 6750851
What are the prime factors of 1111525447?
43, 167, 154787
List the prime factors of 5751512403.
3, 7, 13, 17, 269, 271
What are the prime factors of 173783718?
2, 3, 29, 71, 521
What are the prime factors of 422852437?
7, 1877, 32183
List the prime factors of 1325681760.
2, 3, 5, 13, 17, 12497
List the prime factors of 77368428.
2, 3, 17, 167, 757
What are the prime factors of 207166902?
2, 3, 89, 387953
What are the prime factors of 369098176?
2, 67, 86077
List the prime factors of 1155621363.
3, 13, 19, 919, 1697
What are the prime factors of 40436253?
3, 11, 13, 3491
What are the prime factors of 10051372?
2, 2512843
What are the prime factors of 3825092060?
2, 5, 137, 191, 7309
List the prime factors of 754011633.
3, 251337211
List the prime factors of 86563565.
5, 11, 101, 15583
List the prime factors of 94230306.
2, 3, 5235017
What are the prime factors of 268253542?
2, 1447, 92693
What are the prime factors of 47625414?
2, 3, 7937569
List the prime factors of 14614810.
2, 5, 7, 281, 743
List the prime factors of 22702138.
2, 59, 192391
List the prime factors of 3058486276.
2, 29, 151, 283, 617
List the prime factors of 1749155057.
13, 37, 937, 3881
List the prime factors of 142968487.
17, 283, 29717
What are the prime factors of 80034995?
5, 277, 57787
List the prime factors of 8814671.
8814671
What are the prime factors of 27598315?
5, 199, 27737
List the prime factors of 17996840.
2, 5, 449921
What are the prime factors of 264726529?
29, 9128501
List the prime factors of 133766742.
2, 3, 283, 78779
List the prime factors of 966098491.
17, 19, 71, 103, 409
What are the prime factors of 2379684220?
2, 5, 118984211
List the prime factors of 238446595.
5, 47689319
What are the prime factors of 598434575?
5, 29, 28463
List the prime factors of 330621614.
2, 165310807
List the prime factors of 38556978.
2, 3, 6426163
What are the prime factors of 163284983?
17, 61, 101, 1559
List the prime factors of 1720552378.
2, 43, 20006423
What are the prime factors of 2946389304?
2, 3, 61, 163, 12347
What are the prime factors of 153081986?
2, 76540993
What are the prime factors of 3598112?
2, 7, 16063
What are the prime factors of 2891326815?
3, 5, 13, 709, 6971
What are the prime factors of 411486271?
7, 2789, 3011
List the prime factors of 149641743.
3, 31, 149, 10799
What are the prime factors of 531804992?
2, 8309453
List the prime factors of 139582486.
2, 269, 401, 647
List the prime factors of 3158249383.
53, 59589611
What are the prime factors of 31019362?
2, 11, 19, 74209
List the prime factors of 10825627.
10825627
What are the prime factors of 160590833?
13, 12353141
List the prime factors of 323048970.
2, 3, 5, 743, 4831
What are the prime factors of 2930934157?
449, 6527693
List the prime factors of 1458465808.
2, 373, 244381
List the prime factors of 24691822.
2, 151, 81761
What are the prime factors of 479619089?
193, 2485073
List the prime factors of 117616.
2, 7351
What are the prime factors of 133947783?
3, 181, 27409
List the prime factors of 260586484.
2, 65146621
What are the prime factors of 1256082154?
2, 628041077
What are the prime factors of 1309955129?
7, 187136447
List the prime factors of 864703271.
467, 683, 2711
List the prime factors of 21980363.
21980363
What are the prime factors of 2518061870?
2, 5, 89, 191, 14813
List the prime factors of 1551083751.
3, 7, 41, 281, 2137
List the prime factors of 1408662903.
3, 469554301
What are the prime factors of 109966274?
2, 11, 4998467
List the prime factors of 84841336.
2, 10605167
What are the prime factors of 291316994?
2, 145658497
What are the prime factors of 1405411457?
1405411457
What are the prime factors of 1203482549?
199, 6047651
What are the prime factors of 4491317?
29, 154873
List the prime factors of 297212673.
3, 821, 120671
What are the prime factors of 764660077?
337, 6733
List the prime factors of 157249684.
2, 2311, 17011
What are the prime factors of 158952364?
2, 29, 47251
List the prime factors of 756531307.
7, 829, 130369
What are the prime factors of 7604508218?
2, 14537, 261557
List the prime factors of 138445645.
5, 13, 163841
What are the prime factors of 389292295?
5, 7, 631, 17627
List the prime factors of 222444256.
2, 6951383
What are the prime factors of 311290559?
2521, 123479
What are the prime factors of 51736678?
2, 7, 17, 181, 1201
List the prime factors of 8821479.
3, 53, 109, 509
What are the prime factors of 31530895?
5, 11, 573289
List the prime factors of 82087591.
82087591
What are the prime factors of 203135343?
3, 29, 31, 109, 691
What are the prime factors of 39540191?
39540191
What are the prime factors of 569852268?
2, 3, 257, 184777
What are the prime factors of 2473558902?
2, 3, 137419939
What are the prime factors of 36246230?
2, 5, 29, 124987
List the prime factors of 8112202727.
8112202727
List the prime factors of 134749854.
2, 3, 17, 61, 7219
List the prime factors of 235736112.
2, 3, 4911169
List the prime factors of 45373054.
2, 22686527
List the prime factors of 1679703110.
2, 5, 23, 503, 14519
List the prime factors of 1757599773.
3, 585866591
What are the prime factors of 41086040?
2, 5, 29, 35419
List the prime factors of 1018028323.
13, 17, 23, 37, 5413
List the prime factors of 283412122.
2, 7, 103, 196541
List the prime factors of 85060683.
3, 29, 31, 10513
List the prime factors of 512763991.
512763991
List the prime factors of 110891974.
2, 55445987
List the prime factors of 51509376.
2, 3, 61, 733
What are the prime factors of 1488921?
3, 7, 70901
List the prime factors of 6378412.
2, 251, 6353
What are the prime factors of 563058156?
2, 3, 17, 37, 74597
List the prime factors of 85303661.
31, 1229, 2239
List the prime factors of 73201967.
5081, 14407
List the prime factors of 67851278.
2, 11, 3084149
What are the prime factors of 9112163973?
3, 11, 276126181
List the prime factors of 1154169383.
19, 1871, 32467
What are the prime factors of 936937198?
2, 47, 1033, 9649
What are the prime factors of 11573589?
3, 3857863
List the prime factors of 844528002.
2, 3, 140754667
What are the prime factors of 1670593047?
3, 556864349
What are the prime factors of 36254423?
461, 78643
What are the prime factors of 2800334103?
3, 7, 133349243
List the prime factors of 694623530.
2, 5, 71, 978343
List the prime factors of 755963265.
3, 5, 3889, 12959
List the prime factors of 6597691230.
2, 3, 5, 13, 359, 47123
What are the prime factors of 813253330?
2, 5, 81325333
What are the prime factors of 2064183845?
5, 19, 53, 409967
What are the prime factors of 62561891?
7, 103, 86771
List the prime factors of 6271529390.
2, 5, 7, 89593277
List the prime factors of 8058701.
7, 1151243
What are the prime factors of 1261247280?
2, 3, 5, 73, 193, 373
List the prime factors of 6081375712.
2, 190042991
What are the prime factors of 47523340?
2, 5, 2376167
What are the prime factors of 55020005?
5, 43, 255907
List the prime factors of 419654595.
3, 5, 31, 902483
List the prime factors of 19601049.
3, 13, 502591
What are the prime factors of 1034090134?
2, 7, 11, 37, 127, 1429
What are the prime factors of 1350344580?
2, 3, 5, 13, 173, 10007
List the prime factors of 88564340.
2, 5, 701, 6317
What are the prime factors of 5827117?
5827117
List the prime factors of 4195835329.
7, 23, 2129, 12241
List the prime factors of 5840873873.
20047, 291359
List the prime factors of 24818585.
5, 11, 47, 9601
List the prime factors of 84959605.
5, 107, 158803
List the prime factors of 1533398082.
2, 3, 59, 199, 21767
List the prime factors of 30118330.
2, 5, 11, 273803
What are the prime factors of 109126242?
2, 3, 83, 73043
List the prime factors of 3285058811.
1973, 1665007
What are the prime factors of 61756424?
2, 1709, 4517
What are the prime factors of 159024752?
2, 9939047
What are the prime factors of 870906102?
2, 3, 11, 13195547
What are the prime factors of 164421556?
2, 13, 3161953
What are the prime factors of 115384442?
2, 83, 695087
List the prime factors of 260199943.
17, 23, 47, 14159
What are the prime factors of 1543634874?
2, 3, 28585831